 - 166*y + 93. What are the prime factors of u(18)?
3, 2707
Let h(r) = -136 + 126 + 92 - 3*r + 31*r. List the prime factors of h(13).
2, 223
Suppose 0 = 14*o - 253159 + 65391. List the prime factors of o.
2, 7, 479
Suppose -3*d = -0*d + 27. Suppose 11289 = -k + 11147. What are the prime factors of d/(-3)*k/(-2)?
3, 71
Let g = 68 - 71. Let n(f) = -5*f**3 - 4*f**2 + 5. Let x be n(g). Let r = 271 - x. What are the prime factors of r?
167
List the prime factors of (-558)/465 - (-11776)/5.
2, 11, 107
Suppose 5*i - 3*g = 10131, -5*i - 2196 = 2*g - 12342. Suppose -11*r = -i - 4275. What are the prime factors of r?
3, 191
Suppose -13 - 27 = -5*y. Suppose y*a = 1534 - 398. List the prime factors of a.
2, 71
Let x be (-198)/(-27) + 3/(-9). Suppose x*l + 571 = 2615. What are the prime factors of l?
2, 73
Suppose 7*d - 3*g = 3*d + 2337, -d + 588 = 3*g. Suppose -31*q = c - 33*q - d, -2*c - q = -1145. List the prime factors of c.
5, 23
Suppose -5*w + 27085 = 5*f - 9*f, -5*w + 27045 = 4*f. What are the prime factors of w?
5413
Suppose 23258 = 9*b + 4259. List the prime factors of b.
2111
Suppose -5*o - 5*d + 29 - 9 = 0, 15 = 2*o - 5*d. Suppose -7*k + 12*k - 2065 = -o*z, -z = -5*k - 407. List the prime factors of z.
2, 103
Let u(d) = -d**3 + 9*d**2 - 13*d + 31. Let o be u(14). Let f = 1921 + o. List the prime factors of f.
2, 5, 79
Suppose 0 = 4*s + 4729 + 571. What are the prime factors of (1 + -2)*0 - s/5?
5, 53
Let d(q) = -5*q**3 - 4*q**2 - 2*q + 1. Let o be d(-3). Let h be (-6)/1*-1 - 0. Suppose 0 = h*r + o - 976. What are the prime factors of r?
5, 29
List the prime factors of (789 - -16) + 0*(-5)/(-35).
5, 7, 23
Suppose -72*f - 73*f = -7342655. What are the prime factors of f?
79, 641
Suppose -5*p - 5*o + 124735 = 0, 42*p - 399114 = 26*p + 3*o. What are the prime factors of p?
3, 5, 1663
List the prime factors of ((-5434044)/(-54))/11 - (-6)/(-27).
2, 2287
Suppose 603 = 9*u - 1566. Let m = 56 + u. What are the prime factors of m?
3, 11
Suppose -13*s + 23876 = 2803. Suppose 0 = -6*n + s - 55. List the prime factors of n.
3, 29
Let l = 4311 + -2402. What are the prime factors of l?
23, 83
Let m = 34724 + -12127. What are the prime factors of m?
59, 383
Suppose 2006*f - 2024*f + 58068 = 0. List the prime factors of f.
2, 1613
Let b = -1309 - -1250. Suppose 5*k = -2*l + 98 + 100, 0 = 5*k + 20. Let z = b + l. What are the prime factors of z?
2, 5
Let u be 44/22*-7*1/2. Let v(n) = -n**3 + 5*n**2 + 6*n - 26. List the prime factors of v(u).
2, 5, 13
Let z(a) = 9*a + 2*a + 0*a + 27 - a**2 - a. Let q be z(13). Let y(o) = -o**2 - 18*o + 10. What are the prime factors of y(q)?
2, 41
Let n = 60118 + -31733. List the prime factors of n.
5, 7, 811
Suppose -2 + 6 = -4*a, a = 2*n + 99. Let p be 814/10 - (-20)/n. Let i = 0 + p. What are the prime factors of i?
3
Suppose -16*f + 61829 + 111867 = 0. List the prime factors of f.
2, 23, 59
Suppose 0 = 3*z + 5*s - 3602, 0 = -2*z - s - 4*s + 2398. List the prime factors of z.
2, 7, 43
Suppose n = 3*x + 457, -4*n + 9*n - 461 = 3*x. Let q = x - -162. List the prime factors of q.
2, 5
Suppose -2*l + 61*a = 59*a + 8, 4*a = -2*l + 34. Let b be ((-20)/(-6))/((-4)/(-6)). Suppose 2*h + l*j - 476 = j, b*j + 214 = h. What are the prime factors of h?
2, 3, 13
Let v(z) = -z**3 + 12*z**2 - 5*z - 18. Let a(i) = -i**3 + 11*i**2 - 4*i - 17. Let u(m) = -6*a(m) + 5*v(m). List the prime factors of u(7).
2, 3
Let j(u) = -2*u + 42. Let g = -40 - -59. Let h be j(g). List the prime factors of (-14)/(-28) + 254/h.
2
Let t = 152 - 158. List the prime factors of (-84)/36 + 4/t + 493.
2, 5, 7
Suppose -2*a - 2*l - 32 = 0, -9 = -l - 7. List the prime factors of (-8)/a + 25803/81.
11, 29
Let i = 15709 + -10774. List the prime factors of i.
3, 5, 7, 47
Let h be 2*(-1 - -4)/3. Let m be h/(-3) - 748/(-6). Suppose l + 29 = m. What are the prime factors of l?
5, 19
Let i be ((-16)/12 - (-5)/15) + 6. Suppose 0 = q - 300 - 325. Suppose -2*m = d - 237, -4*d = -i*m - 0*m + q. What are the prime factors of m?
11
Let g(j) = 2*j + 6. Let p be g(-2). Suppose 0 = -5*f - 5 - 0, 5*m - p*f - 577 = 0. Suppose 5 = 3*s - 5*u - 68, 5*u = 5*s - m. List the prime factors of s.
3, 7
Suppose 42 - 72 = 10*l. What are the prime factors of 3 + 6 + 395 + l?
401
Let v(d) = d**3 - 11*d**2 - 28*d - 25. Let z be (51/3 - (8 + -4)) + 1. What are the prime factors of v(z)?
3, 19
Suppose 79*d - 318582 - 36602 = 0. What are the prime factors of d?
2, 281
Suppose -121*i - 11638 - 12602 = -136*i. List the prime factors of i.
2, 101
What are the prime factors of 44410/4 - 12/8?
17, 653
Suppose -2*p - 2*p + 289999 = -5*y, 0 = -9*p - 3*y + 652569. What are the prime factors of p?
2, 7, 5179
Let u(f) = -57*f + 519. Let p be u(9). Let q = 5 + 0. What are the prime factors of ((-46)/p)/(((-5)/3)/q)?
23
Suppose -27 + 67 = -8*n. List the prime factors of 206*(n + 11/2).
103
Suppose -3*m + 7*m + d - 23198 = 0, -3*m = -3*d - 17391. List the prime factors of m.
3, 1933
Suppose 440*i - 433*i + 56 = 0. List the prime factors of (8*2/2)/(i/(-572)).
2, 11, 13
Suppose -25*h + 19*h = -2484. List the prime factors of ((-1618)/(-6))/(69/h).
2, 809
Suppose 51*a - 20958 = 9*a. Suppose 0 = 507*g - a*g - 3184. List the prime factors of g.
2, 199
Let d(z) = -16*z - 29. Suppose 2*w - 7*v = -4*v - 55, 4*w + 3*v = -137. List the prime factors of d(w).
3, 7, 23
Suppose 2*s - 2*l - 830 = 2308, -4*s + 6282 = -2*l. What are the prime factors of s?
2, 3, 131
Let c be (38/(-6))/(-12 - 71/(-6)). Let w(t) = t**3 + 8*t**2 + 5*t + 11. Let u be w(-8). Let f = u + c. List the prime factors of f.
3
Let w(j) = 21*j**2 + 47*j - 40. List the prime factors of w(23).
2, 3, 5
Let o = -2059 - -3657. Let l = o - 1139. List the prime factors of l.
3, 17
Suppose 5*s = s - 16. Let x be (1 - 9)*-2*(-9)/(-18). What are the prime factors of x - (-16)/s*-1?
2, 3
Suppose -2*z - 3*t + 17524 = 0, 2*z - 5*t = 22420 - 4912. What are the prime factors of z?
19, 461
Suppose 0 = -m - 4*w + 27, 0 = 4*m - w + 2 - 42. Let o = -115 - -760. Suppose 6*k - m*k = -o. What are the prime factors of k?
3, 43
Let y(d) = 133*d**3 - 5*d**2 + 23*d + 12 - 134*d**3 - d. Let u be y(-9). Suppose -u = -34*j + 32*j. List the prime factors of j.
3, 23
Let g(a) = 1107*a + 4665. What are the prime factors of g(8)?
3, 4507
Let y(k) = 6836*k + 6195. List the prime factors of y(4).
11, 3049
Let j = 16 + -16. Suppose j*v + 5*v - 23 = 4*u, 1 = -5*u - 3*v. List the prime factors of 128 - (-10)/(u - 3).
2, 3, 7
Let b(y) = 6*y**2 + 5. Let u be b(-2). Suppose -2*q = -3*q - 3*d + u, -q - 2*d + 29 = 0. Suppose q + 81 = r. List the prime factors of r.
2, 5, 11
Let f = 4509 - 1684. List the prime factors of f.
5, 113
Let y = -60 + 136. Suppose -4*q + 2*r = -5*q + y, -3*r = -2*q + 131. Suppose 6*t = 11*t - q. What are the prime factors of t?
2, 7
Let m(g) = 2*g - 2. Suppose -3 = 7*t - 17. Let x be m(t). Let r = 23 + x. What are the prime factors of r?
5
Let h(a) = a**2 - 5*a - 3. Let x be h(-1). Suppose 0 = -14*f + x*f + 5346. List the prime factors of f.
2, 3
Let n(c) = -c**2 + 3*c. Let a be n(-2). Let m be a/(-25) + 4/(-10). Suppose -10 = -x + 2*d, -3*x + m*x + 3*d = -21. List the prime factors of x.
2
Let m be 4 - 210/51 - 64/34. Let a = m - -9. What are the prime factors of a?
7
Suppose 59100 = 26*i - 45212. List the prime factors of i.
2, 17, 59
Let t be (-56)/(-35) - 6/(-15). Let n = t - -69. List the prime factors of n.
71
Let q = -61788 - -92669. List the prime factors of q.
30881
Let n(p) = 2*p**2 + 36*p + 28. Let r be n(-17). What are the prime factors of 432 - 6/r - 3/3?
2, 3
Let l = -13713 - -53213. List the prime factors of l.
2, 5, 79
Let j be (-22)/(-4)*(-36)/(-198). List the prime factors of (-300 - j)/((25/(-10))/5).
2, 7, 43
Let j be 5/((2/18)/((-1)/(-3))). Let g = -7 + j. Suppose -7*v = -g*v + 82. List the prime factors of v.
2, 41
Let i = 71 - 69. Suppose -5*g = i*n - 1001, -n + 647 - 154 = g. What are the prime factors of n?
2, 61
Let l(h) = 3*h**3 - 9*h**2 + 18*h - 60. Let p be l(6). Let j = p + -346. What are the prime factors of j?
2, 13
Suppose -4*k - 33 = -29, 5*k - 5615 = -5*q. List the prime factors of q.
2, 281
Let g(f) = 11*f + 15*f + 11*f - 42*f + 2 + 279*f**2 + 12*f. List the prime factors of g(-2).
2, 3, 23
Suppose -11*s = 20*s - 153047. List the prime fact